ivided by 291?
277
What is the remainder when 199 is divided by 11?
1
What is the remainder when 27843 is divided by 39?
36
What is the remainder when 58 is divided by 25?
8
Calculate the remainder when 208 is divided by 35.
33
Calculate the remainder when 161 is divided by 36.
17
What is the remainder when 435 is divided by 29?
0
What is the remainder when 5907 is divided by 3?
0
What is the remainder when 240 is divided by 91?
58
What is the remainder when 19 is divided by 1?
0
Calculate the remainder when 222 is divided by 30.
12
Calculate the remainder when 2292 is divided by 56.
52
Calculate the remainder when 1494 is divided by 65.
64
What is the remainder when 77 is divided by 38?
1
What is the remainder when 826 is divided by 95?
66
Calculate the remainder when 51296 is divided by 15.
11
Calculate the remainder when 8972 is divided by 2239.
16
Calculate the remainder when 928 is divided by 918.
10
Calculate the remainder when 67 is divided by 28.
11
Calculate the remainder when 82 is divided by 24.
10
Calculate the remainder when 54 is divided by 27.
0
What is the remainder when 65 is divided by 26?
13
What is the remainder when 60 is divided by 41?
19
What is the remainder when 779 is divided by 14?
9
Calculate the remainder when 86 is divided by 41.
4
Calculate the remainder when 265 is divided by 59.
29
Calculate the remainder when 3910 is divided by 135.
130
Calculate the remainder when 855 is divided by 26.
23
Calculate the remainder when 4173 is divided by 199.
193
What is the remainder when 373 is divided by 184?
5
Calculate the remainder when 2285 is divided by 3.
2
Calculate the remainder when 647 is divided by 42.
17
Calculate the remainder when 133 is divided by 102.
31
What is the remainder when 298 is divided by 244?
54
Calculate the remainder when 5067 is divided by 37.
35
Calculate the remainder when 942 is divided by 45.
42
Calculate the remainder when 6695 is divided by 10.
5
What is the remainder when 857 is divided by 217?
206
Calculate the remainder when 381 is divided by 77.
73
What is the remainder when 1245 is divided by 361?
162
Calculate the remainder when 385 is divided by 23.
17
Calculate the remainder when 911 is divided by 27.
20
Calculate the remainder when 167 is divided by 31.
12
Calculate the remainder when 116 is divided by 47.
22
What is the remainder when 442 is divided by 51?
34
What is the remainder when 3166 is divided by 244?
238
What is the remainder when 3156 is divided by 79?
75
What is the remainder when 166 is divided by 9?
4
What is the remainder when 485 is divided by 293?
192
Calculate the remainder when 13662 is divided by 102.
96
What is the remainder when 1711 is divided by 49?
45
What is the remainder when 1056 is divided by 14?
6
What is the remainder when 175 is divided by 91?
84
Calculate the remainder when 578 is divided by 42.
32
What is the remainder when 1250 is divided by 31?
10
What is the remainder when 52 is divided by 16?
4
Calculate the remainder when 57 is divided by 3.
0
Calculate the remainder when 121 is divided by 80.
41
Calculate the remainder when 15 is divided by 9.
6
Calculate the remainder when 26459 is divided by 252.
251
Calculate the remainder when 32 is divided by 14.
4
Calculate the remainder when 328 is divided by 15.
13
What is the remainder when 615 is divided by 19?
7
What is the remainder when 201 is divided by 75?
51
Calculate the remainder when 2518 is divided by 8.
6
Calculate the remainder when 281 is divided by 62.
33
Calculate the remainder when 419 is divided by 25.
19
Calculate the remainder when 486 is divided by 70.
66
What is the remainder when 20704 is divided by 238?
236
Calculate the remainder when 354 is divided by 116.
6
Calculate the remainder when 212 is divided by 71.
70
What is the remainder when 291 is divided by 99?
93
What is the remainder when 96 is divided by 74?
22
What is the remainder when 2548 is divided by 51?
49
What is the remainder when 97 is divided by 50?
47
What is the remainder when 231 is divided by 71?
18
What is the remainder when 291 is divided by 77?
60
What is the remainder when 35 is divided by 18?
17
What is the remainder when 24 is divided by 9?
6
Calculate the remainder when 2625 is divided by 870.
15
What is the remainder when 221 is divided by 36?
5
What is the remainder when 45 is divided by 14?
3
Calculate the remainder when 105 is divided by 36.
33
Calculate the remainder when 815 is divided by 203.
3
What is the remainder when 118 is divided by 61?
57
Calculate the remainder when 191 is divided by 139.
52
Calculate the remainder when 971 is divided by 70.
61
Calculate the remainder when 49 is divided by 14.
7
Calculate the remainder when 383 is divided by 35.
33
Calculate the remainder when 454 is divided by 19.
17
Calculate the remainder when 101 is divided by 9.
2
What is the remainder when 10055 is divided by 279?
11
Calculate the remainder when 307 is divided by 119.
69
What is the remainder when 1649 is divided by 36?
29
What is the remainder when 347 is divided by 31?
6
What is the remainder when 87 is divided by 21?
3
Calculate the remainder when 337 is divided by 114.
109
Calculate the remainder when 267 is divided by 71.
54
What is the remainder when 17 is divided by 17?
0
What is the remainder when 29 is divided by 13?
3
Calculate the remainder when 2403 is divided by 306.
261
What is the remainder when 850 is divided by 349?
152
What is the remainder when 205 is divided by 12?
1
Calculate the remainder when 12 is divided by 6.
0
What is the remainder when 446 is divided by 15?
11
Calculate the remainder when 223 is divided by 16.
15
Calculate the remainder when 957 is divided by 15.
12
Calculate the remainder when 640 is divided by 72.
64
What is the remainder when 161 is divided by 41?
38
What is the remainder when 46 is divided by 5?
1
Calculate the remainder when 19 is divided by 10.
9
Calculate the remainder when 217 is divided by 113.
104
Calculate the remainder when 246 is divided by 14.
8
Calculate the remainder when 7652 is divided by 13.
8
Calculate the remainder when 7297 is divided by 82.
81
What is the remainder when 45 is divided by 24?
21
What is the remainder when 317 is divided by 66?
53
What is the remainder when 48 is divided by 4?
0
What is the remainder when 20 is divided by 8?
4
Calculate the remainder when 37 is divided by 9.
1
What is the remainder when 1432 is divided by 12?
4
What is the remainder when 1247 is divided by 125?
122
What is the remainder when 611 is divided by 18?
17
Calculate the remainder when 176 is divided by 23.
15
Calculate the remainder when 168 is divided by 62.
44
What is the remainder when 158 is divided by 104?
54
Calculate the remainder when 105 is divided by 10.
5
What is the remainder when 800 is divided by 91?
72
What is the remainder when 460 is divided by 29?
25
What is the remainder when 2104 is divided by 81?
79
Calculate the remainder when 191 is divided by 4.
3
What is the remainder when 2518 is divided by 413?
40
Calculate the remainder when 422 is divided by 408.
14
Calculate the remainder when 734 is divided by 34.
20
What is the remainder when 72 is divided by 34?
4
What is the remainder when 2341 is divided by 59?
40
What is the remainder when 7862 is divided by 19?
15
What is the remainder when 564 is divided by 9?
6
What is the remainder when 414 is divided by 52?
50
What is the remainder when 327 is divided by 11?
8
What is the remainder when 672 is divided by 15?
12
What is the remainder when 176 is divided by 37?
28
Calculate the remainder when 262 is divided by 22.
20
Calculate the remainder when 492 is divided by 132.
96
Calculate the remainder when 1063 is divided by 207.
28
What is the remainder when 329 is divided by 55?
54
Calculate the remainder when 1256 is divided by 36.
32
Calculate the remainder when 688 is divided by 41.
32
What is the remainder when 527 is divided by 487?
40
What is the remainder when 230 is divided by 29?
27
Calculate the remainder when 3774 is divided by 126.
120
Calculate the remainder when 4785 is divided by 19.
16
What is the remainder when 469 is divided by 127?
88
What is the remainder when 285 is divided by 48?
45
What is the remainder when 188 is divided by 141?
47
Calculate th